Suppose 0 = -2*l + b + 4, -18 + 6 = -3*l + 3*b. Suppose 2*n = -4*j + 6, l*n - 13 = -2*j + n. Suppose -4*z + 8 = j*i, -2*z = -4*z + 2*i + 8. Is 3 a factor of z?
True
Let q = -453 + 789. Does 8 divide q?
True
Suppose -10 = -2*a - 0. Suppose -20 = -5*j + a. Suppose -3*y + 55 + j = 0. Is y a multiple of 11?
False
Let x = -19 + -4. Let v = x - -17. Let f(n) = n**2 - 2*n - 13. Does 17 divide f(v)?
False
Let d(p) be the first derivative of p**3 - 4*p**2 + 4*p - 2. Is d(6) a multiple of 8?
True
Is 2/((-7)/15309*-2) a multiple of 51?
False
Suppose 3*l - 161 = -4*b, -l - 2*l = -2*b - 167. Is 3 a factor of l?
False
Suppose 384 = -2*k + 58. Let t = -108 - k. Suppose 4*x + h - 31 = 31, 0 = 3*x + 5*h - t. Does 5 divide x?
True
Suppose 4*b - 5 = 7. Suppose 2*h - 3*t - 52 = 0, -39 = 5*h - b*t - 160. Let i = 1 + h. Is i a multiple of 8?
True
Let l = -19 - -15. Let w(k) be the third derivative of k**5/30 + k**4/12 + 2*k**3/3 + k**2. Does 20 divide w(l)?
False
Is ((-2973)/(-6) + 0)*2 a multiple of 42?
False
Does 16 divide 570 + -17 + -10 + 17?
True
Let n = -308 - -452. Does 24 divide n?
True
Let b = 558 - 306. Let t = b - 173. Is t a multiple of 12?
False
Let m(k) = k - 2. Let t be m(4). Let f(l) = -128 + 125 + l + 10*l**2 - l. Is 13 a factor of f(t)?
False
Let m = -669 - -991. Is 14 a factor of m?
True
Suppose -40*n + 42*n = 588. Is 40 a factor of n?
False
Suppose 3*l - 3 = -2*w, 0 = 4*w - 2*w + 6. Suppose -220 = -l*f - 190. Does 8 divide f?
False
Let c(p) = 3*p**2 + 11*p + 24. Let u be c(-5). Suppose -4*k = -8*k + 52. Suppose -o + u = 2*s, -2*o + 77 = -4*s + k. Is o a multiple of 12?
False
Let l = -22 - -61. Let w = 2 + l. Is w a multiple of 18?
False
Let f = -208 + 374. Let p = -109 + f. Is p a multiple of 9?
False
Let f = -22 - -24. Suppose 0 = -f*t - t + 309. Does 14 divide t?
False
Suppose 5*u + 6703 = 7728. Is 4 a factor of u?
False
Does 48 divide 0/(1 + 0) - (6 - 390)?
True
Let n(d) = -d**2 - 6*d + 317. Does 34 divide n(0)?
False
Suppose 178*g - 304 = 176*g. Let w be (1 - 0) + 12/4. Suppose p = 3*j + 33, -w*j = -4*p + g - 36. Is 9 a factor of p?
True
Let s(g) = -1 + 2 - 5*g**3 + 2*g + 2*g**3 + 2*g**3. Let d be s(-2). Suppose -25 = -3*q + 2*q + d*m, 2*m = -5*q + 98. Is q a multiple of 5?
True
Is 11 a factor of 6/(-4)*1958/(-3)?
True
Let z(k) = 524*k**2 + 2*k + 13. Let j be z(-6). Suppose 0*b = 7*b - j. Is 13 a factor of (-4)/18 + b/99?
False
Suppose -199 - 83 = -3*r. Let n = -35 + r. Let k = n - 37. Does 4 divide k?
False
Let o = -432 - -732. Does 20 divide o?
True
Suppose -2*f + 316 = f + 5*g, 0 = -2*g + 10. Let w = f + -59. Is w a multiple of 6?
False
Let x = 5643 + -3207. Does 28 divide x?
True
Let d = 19 + -27. Let m = -122 - -138. Let k = m - d. Does 8 divide k?
True
Let s = 7 + -4. Suppose -d + 5*h + 71 = 0, s*d - 3*h - 227 = -2*h. Does 25 divide d?
False
Suppose -4*h + 3*d = 7, 0 = -4*h - h + d + 5. Does 2 divide h?
True
Suppose 15*k - 9*k = 240. Suppose 4*x = 9*x - k. Is 8 a factor of x?
True
Let v(c) = -c**3 - 4*c**2 + 3*c - 3. Let l be v(-5). Suppose -4*j = -h - 142, 2*j - 2*h = -l*h + 82. Suppose 5*z - 69 - j = 0. Does 6 divide z?
False
Let z(m) = m**2 + m - 7. Let k be z(-4). Suppose -3*j + 3*v = -168, k*j = -v + 205 + 93. Is 12 a factor of j?
False
Suppose 0*u = 2*u + 46. Let q = 341 + -283. Let l = q + u. Is l a multiple of 12?
False
Let y(t) = -t**2 - 22*t + 21. Suppose 37 = -4*i - 23. Let k be y(i). Suppose 0 = -3*n + 3*o + k, -o - 102 - 78 = -4*n. Is 19 a factor of n?
False
Does 2 divide (-116)/(-203) - (-12420)/21?
True
Let c be ((-90)/75)/((-3)/80). Suppose 0 = 6*v - 202 - c. Does 13 divide v?
True
Let s(b) = -b**2 - 3*b - 4*b**3 + b**2 - 3*b**2 + 3*b**3 - 2. Let z be s(-2). Suppose -5*d + 64 - 9 = z. Is 10 a factor of d?
False
Suppose -z + 1955 = 13. Does 21 divide z?
False
Suppose 4*n - 1898 = 71*l - 73*l, 5*l + 3*n = 4724. Is l a multiple of 54?
False
Let h be 0 + (0 - -4 - 4). Suppose -80 = -5*y - h*y. Does 11 divide y?
False
Let c = 1386 - -1104. Is c a multiple of 15?
True
Is 53 a factor of (56 - 40)*(1166/8 + -3)?
False
Suppose 5*f = -5*s - 30, -8 = 2*s + 2. Let w(l) = -9*l - 5. Is 3 a factor of w(f)?
False
Let o be -1 + 0 + 1 + 12. Let s(z) = 127 + z**3 - 33 + 7*z - 44 + 6*z - 13*z**2 - 43. Is 10 a factor of s(o)?
False
Let q(k) = 1185*k + 348. Does 75 divide q(3)?
False
Let a be 6 + -4 - 20/(1*-2). Suppose a*p - 420 = 2*p. Is 8 a factor of p?
False
Suppose 3*y + 3*b - 20 = -2*b, -4*y - 5*b + 30 = 0. Suppose -6*g = -y*g + 44. Is 4 a factor of g?
False
Does 25 divide (-2)/(-34) + 143637/221?
True
Does 7 divide (-16)/(1072/180 + -3 - 3)?
False
Suppose -6*z = -13*z. Suppose -2*c + 26 + 24 = u, z = -5*u + 5*c + 190. Is 3 a factor of u?
True
Suppose -3*q - 5*a = -48, -a = -2*q - 0*q + 45. Let j be -1*q + 18/(-6). Is (6 + -1)*j/(-5) a multiple of 8?
True
Suppose 4*n + 2*x = 1490, -4*n + 1475 = -9*x + 6*x. Does 3 divide n?
False
Suppose 12*v + 654 = 14*v. Does 50 divide v?
False
Suppose -4*u + 0*u + 10 = k, -4*k + 8 = 0. Suppose u*n - 5*m = -2*n + 80, -4*m - 34 = -2*n. Let o = -13 + n. Is 12 a factor of o?
True
Let v = -1 - -6. Let q be (v - 61)/((-4)/6). Suppose 0*w = -3*w + q. Does 8 divide w?
False
Does 4 divide (3159/(-324))/((-3)/8)?
False
Let s be 23 + (-3)/1 + -3. Suppose s*d = 12*d + 60. Suppose -r + 2*l = -18, -l + d = 4*r + 3*l. Does 6 divide r?
False
Suppose -25*t - 3*s = -26*t + 791, 3*s = 5*t - 3991. Is 7 a factor of t?
False
Let v = 23 + -19. Suppose -v*a + 304 = -0*a. Is a a multiple of 25?
False
Let o(g) = 7*g + 396. Does 54 divide o(-18)?
True
Let z(f) = f. Let l(m) = -1. Let c(h) = -3*l(h) + z(h). Let x be c(-7). Does 17 divide 2*13*(-3 - x)?
False
Is 13 a factor of (-489)/2*3/(60/(-80))?
False
Let p = -260 + 432. Does 28 divide p?
False
Let n(i) = -i**3 - 2*i**2 + 4*i + 1. Let m be n(-3). Let l be (m/6)/(2/(-6)). Suppose l = c - 4. Is c a multiple of 5?
True
Does 5 divide 20/(-5) - (-36 + -1 + 3)?
True
Let u be (6/(-8))/((-4)/16). Suppose 3*f + f + 41 = u*h, 0 = 3*h + f - 61. Suppose h = m - 1. Does 5 divide m?
True
Suppose 2*u + 3*u = 15. Let k(t) = 10 + 4*t**2 + 9*t - 8*t - 11. Does 15 divide k(u)?
False
Let w = -6 + 12. Let z(l) = -7*l**2 - w - 10*l - 2*l**3 - 4 + l**3. Is 30 a factor of z(-7)?
True
Let a = -369 - -646. Is 12 a factor of a?
False
Suppose 0 = 3*j - 6*j + 42. Let a = 17 - j. Suppose -7 = -a*y - 1. Is 2 a factor of y?
True
Let k be (-4)/((-8)/6) - 91. Let w = k + 247. Is w a multiple of 49?
False
Let i = 9 + -25. Let a = 10 - i. Let r = a - 6. Does 9 divide r?
False
Let p(j) = -2*j + 4. Suppose -27*g + 26*g = 9. Let s be p(g). Let b = s + 8. Is b a multiple of 15?
True
Suppose -340 = -2*t + 5*o, 0*t + 5*o + 500 = 3*t. Is 4 a factor of t?
True
Let n(l) = 2*l**3 + 22*l**2 - 28*l + 11. Is n(-10) a multiple of 58?
False
Suppose 0 = 3*a - 7*a + u + 73, -14 = -a - 4*u. Is -6*6*-1*22/a a multiple of 23?
False
Let o = -37 + 79. Is 26 a factor of o?
False
Let b(y) = 12*y + 1. Let g be b(-5). Suppose 10*o - 5*o + 2*f = 585, -4*o = -f - 455. Let j = g + o. Is j a multiple of 14?
True
Let h(m) = 2*m**3 - 14*m**2 + 18*m - 4. Is h(9) a multiple of 9?
False
Suppose 0 = -5*b + b + 768. Is 40 a factor of b?
False
Let x(d) = -4*d**2 + 125*d - 31. Is 57 a factor of x(14)?
False
Suppose -2*j + 3*n = -0*n - 1, -j + n = -3. Suppose 12*h - 20 = j*h. Suppose -82 = -3*v - 2*o + o, -o = h*v - 138. Is v a multiple of 7?
True
Is 67 a factor of 6*(56/(-70) + 3697/15)?
True
Suppose 3*c - 2*h - 2*h = -124, -5*c - 3*h = 168. Let v = c + 41. Suppose 0*l = v*l - 20. Is l a multiple of 3?
False
Suppose 0*y = -4*y + 704. Suppose -4*c + 8*c = y. Is 11 a factor of c?
True
Let q(s) = s**2 - 26*s + 60. Is q(40) a multiple of 62?
True
Let m be 867/11 - (-6)/33. Let f = 25 + m. Is f a multiple of 17?
False
Let t(g) = 2*g**2 + g - 3. Let c be t(7). Suppose -4*k = -2*y + k - 152, y + 4*k = -c. Is 14 a factor of y/(-3) - 2/3?
True
Let j be 4*(-2 + 60/8). Suppose -2 = 2*k + j. Is 19 a factor of 382/12 + (-2)/k?
False
Let b(w) = w - 6. Let q be b(0). Is 17 a factor of q/(-39) - (-2646)/39?
True
Suppose -9*y + 3094 + 2612 = 0. Is y a multiple of 12?
False
Let k be 12 - 8*4/8. Suppose -15*l = -19*l - k. Is 3 - (3 - l) - -32 a multiple of 10?
True
Let s(p) = 816*p**2 - 4*p + 5. Is s(1) a multiple of 19?
True
Let n = 134 + -65. Let v = 3 + n. Is